{"id":150,"date":"2026-03-29T23:03:22","date_gmt":"2026-03-29T23:03:22","guid":{"rendered":"https:\/\/teczowyogrod.pro-age.pl\/?post_type=erm_event&#038;p=150"},"modified":"2026-04-10T16:37:17","modified_gmt":"2026-04-10T14:37:17","slug":"dzien-otwarty","status":"publish","type":"erm_event","link":"https:\/\/teczowyogrod.com.pl\/en\/wydarzenie\/dzien-otwarty\/","title":{"rendered":"Dzie\u0144 otwarty"},"content":{"rendered":"\n<p>Szukacie miejsca, gdzie radosna zabawa \u0142\u0105czy si\u0119 z nauk\u0105 j\u0119zyk\u00f3w i pyszn\u0105, domow\u0105 kuchni\u0105? Chcecie poczu\u0107 atmosfer\u0119 naszego przedszkola i pozna\u0107 kadr\u0119, kt\u00f3ra codziennie dba o rozw\u00f3j Waszych pociech?<\/p>\n\n\n\n<p>Serdecznie zapraszamy na\u00a0<strong>Dzie\u0144 Otwarty<\/strong>!<\/p>\n\n\n\n<p><strong>Co czeka na Was i Wasze dzieci?<\/strong><\/p>\n\n\n\n<p>Przygotowali\u015bmy radosny program, kt\u00f3ry pozwoli Wam poczu\u0107 si\u0119 u nas jak w domu:<\/p>\n\n\n\n<p><strong>Weso\u0142e animacje i zabawy<\/strong><\/p>\n\n\n\n<p><strong>Spotkania z kadr\u0105:<\/strong>&nbsp;Nasi nauczyciele i lektorzy ch\u0119tnie opowiedz\u0105 o metodach pracy, dwuj\u0119zyczno\u015bci oraz o tym, jak wspieramy dzieci w ich codziennych odkryciach.<\/p>\n\n\n\n<p><strong>Smako\u0142yki z przedszkolnej kuchni:<\/strong>&nbsp;To punkt obowi\u0105zkowy! Posmakuj naszych domowych ciast.<\/p>\n\n\n\n<p><strong>Spacer po T\u0119czowym Ogrodzie:<\/strong>&nbsp;Zapraszamy do obejrzenia naszych sal, kt\u00f3re s\u0105 zaprojektowane tak, by inspirowa\u0107 do nauki i zapewnia\u0107 bezpieczn\u0105 zabaw\u0119.<\/p>\n\n\n\n<p>Przyjd\u017acie ca\u0142\u0105 rodzin\u0105, porozmawiajcie z nami przy fili\u017cance kawy i spr\u00f3bujcie, jak smakuje dzieci\u0144stwo w \u201eT\u0119czowym Ogrodzie\u201d!<\/p>\n\n\n\n<p><strong>Do zobaczenia 18 kwietnia!<\/strong><\/p>\n","protected":false},"excerpt":{"rendered":"<p>TEST<\/p>\n","protected":false},"featured_media":554,"template":"","erm_category":[6],"class_list":["post-150","erm_event","type-erm_event","status-publish","has-post-thumbnail","hentry","erm_category-dni-otwarte"],"_links":{"self":[{"href":"https:\/\/teczowyogrod.com.pl\/en\/wp-json\/wp\/v2\/erm_event\/150","targetHints":{"allow":["GET"]}}],"collection":[{"href":"https:\/\/teczowyogrod.com.pl\/en\/wp-json\/wp\/v2\/erm_event"}],"about":[{"href":"https:\/\/teczowyogrod.com.pl\/en\/wp-json\/wp\/v2\/types\/erm_event"}],"wp:featuredmedia":[{"embeddable":true,"href":"https:\/\/teczowyogrod.com.pl\/en\/wp-json\/wp\/v2\/media\/554"}],"wp:attachment":[{"href":"https:\/\/teczowyogrod.com.pl\/en\/wp-json\/wp\/v2\/media?parent=150"}],"wp:term":[{"taxonomy":"erm_category","embeddable":true,"href":"https:\/\/teczowyogrod.com.pl\/en\/wp-json\/wp\/v2\/erm_category?post=150"}],"curies":[{"name":"wp","href":"https:\/\/api.w.org\/{rel}","templated":true}]}}

Dzień otwarty

<p>Szukacie miejsca, gdzie radosna zabawa łączy się z nauką języków i pyszną, domową kuchnią? Chcecie poczuć atmosferę naszego przedszkola i poznać kadrę, która codziennie dba o rozwój Waszych pociech?</p>



<p>Serdecznie zapraszamy na <strong>Dzień Otwarty</strong>!</p>



<p><strong>Co czeka na Was i Wasze dzieci?</strong></p>



<p>Przygotowaliśmy radosny program, który pozwoli Wam poczuć się u nas jak w domu:</p>



<p><strong>Wesołe animacje i zabawy</strong></p>



<p><strong>Spotkania z kadrą:</strong>&nbsp;Nasi nauczyciele i lektorzy chętnie opowiedzą o metodach pracy, dwujęzyczności oraz o tym, jak wspieramy dzieci w ich codziennych odkryciach.</p>



<p><strong>Smakołyki z przedszkolnej kuchni:</strong>&nbsp;To punkt obowiązkowy! Posmakuj naszych domowych ciast.</p>



<p><strong>Spacer po Tęczowym Ogrodzie:</strong>&nbsp;Zapraszamy do obejrzenia naszych sal, które są zaprojektowane tak, by inspirować do nauki i zapewniać bezpieczną zabawę.</p>



<p>Przyjdźcie całą rodziną, porozmawiajcie z nami przy filiżance kawy i spróbujcie, jak smakuje dzieciństwo w „Tęczowym Ogrodzie”!</p>



<p><strong>Do zobaczenia 18 kwietnia!</strong></p>
